 (-43 + 75 - 38 - (5 - 2))?
1
Calculate (85 - 158 - -194) + (5 - 3) + 20.
143
Calculate (-29 - (28 + -4 + -108)) + -10 + 3.
48
Evaluate 7 - (33 + (20 - (2 - (8 + -17))) + 2).
-37
Calculate -25 + 5 - (47 + -20 - 9).
-38
Calculate 9 - (103 - 50) - 16.
-60
Calculate 368 + -236 - (57 + 215).
-140
What is the value of 6 + (-23 + 2 - -1) + 25 + -17 + -9?
-15
2 + 2 - ((-23 - (-17 + 6)) + -6)
22
What is 52 + -38 + 2 + 21 + 73?
110
Evaluate 36 + -407 + 394 + 15 + 1.
39
Evaluate 2 - (-1805 + 1789 - (0 + -60 + -1)).
-43
What is (8 - 3 - -6) + (26 - 22) + -6?
9
What is (3 - (-5 + -14)) + 0 + 1 + 12 + -19?
16
Evaluate 41 + (20 - 42) - (-84 - 2).
105
Calculate (56 - (-19 + 46)) + (-26 - (12 + -20)).
11
(1 - (17 - 24 - -27)) + 63
44
Calculate -45 + -8 + (-15 + (-6 - -17) - 10).
-67
Evaluate 1 + -1 + 17 - (88 + -157 - -63).
23
What is the value of -63 - (-53 + 14) - -50?
26
What is 20 + -1 + 192 + (-33 - 77)?
101
0 + -36 + (54 - (-17 - -58))
-23
2 - ((1 - 41) + -52)
94
Evaluate -10 - (-6 + -141) - (157 - 125).
105
What is 7 - ((-1 - -6) + -2 + -3 + -10)?
17
-16 + (6 - 4 - -5) + (13 - -5) + 94
103
-18 - (28 + -20 + 33 + -30)
-29
Evaluate (-14 - 4) + 18 - (17 - (2 + 24)).
9
-45 - (55 - 115) - (44 + -2 - -3)
-30
Evaluate -16 - ((-1 - 3) + 1) - (28 + -13 + -20).
-8
What is (-1 - -1 - -1) + -82 + 23 - -8?
-50
-48 - ((6 - 15) + -9 + 26)
-56
(-227 - -160) + -3 + 31
-39
What is the value of (192 - 111) + -9 + -79?
-7
Calculate -4 + (17 + -17 - (-1 + 5)) + 28.
20
Evaluate 4236 + -4235 - (-2 - 3).
6
0 + -32 + (-28 - (-23 + 3 + -8) - 5)
-37
Calculate -145 - (11 - 4) - -250.
98
What is (-67 - (-34 + 33)) + 68 + -68?
-66
What is -21 + 0 + (43 - -1)?
23
What is the value of (21 - (-13 - 20)) + -32?
22
Calculate 7 + 2 - 1 - (8 - (-99 - -5)).
-94
(5 - (16 + 17) - -45) + -38
-21
Calculate 5 + -11 + ((26 - 33) + -2 + 1 - -19).
5
What is the value of 0 + 14 + (-80 - -80) - -10?
24
Calculate 0 + -16 - ((71 - 82) + 50).
-55
(20 - (-26 + 11)) + -3 + -97
-65
Calculate (-2 - (-10 + -8)) + (-7 - (-21 - -2 - -7)).
21
What is the value of (5 - 3) + -15 + 0 + 16 + 21?
24
What is (6 - ((-60 - -60) + 3 + 2)) + -4 + 60?
57
5 + (-233 - -221 - (3 + 0)) - 35
-45
62 + -24 - -69 - 19
88
What is the value of -106 + 27 + -19 + 49 + 17 + -1?
-33
What is the value of -102 - (-9 + 6 + (-69 - -72))?
-102
What is 68 + (-121 - -93) + 24?
64
Evaluate (20 + -26 - -8) + (-7 - -4 - -12 - 3).
8
What is (7 - (-3 - -3)) + (29 + -28 + -11 - -14)?
11
-137 + (157 + -226 - -64)
-142
(4 + 29 + (-17 - 1) - 14) + 75 + 3
79
What is the value of 2 + 0 + -1 + -30 + (448 + -84 - 371)?
-36
What is the value of (13 - 8) + 1 + -6 + 43 + 19 + -160?
-98
Calculate (118 + -39 - (5 + 0 + -9 - -5)) + -9.
69
Evaluate -1 + 11 - (36 + (41 - (26 - 11))).
-52
What is the value of 1 - 93 - (274 + -281)?
-85
Evaluate 885 - 911 - (53 + 0 + -3).
-76
What is 2108 + -2062 + (-92 - 0)?
-46
5 + 55 + -41 + 1 + (3 - 16)
7
27 + (53 - 75) - 30
-25
What is (5 - (-1 - 2 - 8)) + 4?
20
Evaluate 43 - (13 - (22 + (-13 - -3)) - -4).
38
What is the value of (-40 + 16 - -14) + 1 + 1?
-8
What is the value of (12 - (16 - -1)) + -1 + (20 - 1)?
13
Calculate -37 + 52 + 31 + -75 - -165.
136
Calculate -8 + (-8 + 66 - 3) + (14 - 7) + 6.
60
Calculate -12 + -16 + 17 + 13 - ((3 - 3) + 8).
-6
Evaluate -2 + 1 + (12 + (36 - 5) - 11).
31
Calculate 2 + (9 - -11) - (38 + 21).
-37
What is -18 - (-49 + 49 + -13)?
-5
What is (3 - 5) + 5 + -7 + (12 - (27 - 12))?
-7
Calculate (3 - -14) + (1 + -1 - (110 + -119)) + -10.
16
Evaluate (-22 + 4 - -2) + (95 - (57 + -58)).
80
What is 5 + (50 + -139 - -91) + (-9 - 0)?
-2
Evaluate (-5 - -50) + -66 - (-5 + -76).
60
What is (42 - 56 - -22) + 0 + 2 - (-1 + -11)?
22
-10 + (31 - (-13 + -7))
41
Evaluate 0 + -9 + (212 - 72 - 171).
-40
What is 31 - (5 - (-8 - (0 - 24) - 13))?
29
Calculate (13 - (-57 + 111)) + (-4 - 17) + 5.
-57
Evaluate (21 + -2 - (384 - 356)) + 53.
44
Evaluate -15 - (16 + 9 + 3 - 9).
-34
What is -2 + (-1 + -25 - (-28 - 48))?
48
(-142 + 141 - (11 + -3)) + (-4 - -25)
12
Calculate -47 + 123 + (29 - 62).
43
(72 - -4 - 7) + (19 - (16 - 8)) + -7
73
Evaluate (19 - (29 - 12)) + -18.
-16
Calculate -8 + 9 + 160 + -160.
1
(2 - 2 - (-45 + 35)) + -2 + 30
38
What is -21 + 1 + 4 + 24 + -18 - -2?
-8
What is 39 + -33 + 566 + -506?
66
Evaluate (90 - 93) + (7 - -3) + -98 - 12.
-103
Calculate (-1 - -1 - 32) + (253 - 277).
-56
What is the value of (-3 - -40) + (-2308 - -2368)?
97
What is -24 - (-19 + 11 - 105) - -26?
115
What is (-53 + -2 - (-38 + 55 + -7)) + -2?
-67
-9 - (56 - 53 - (-1 - (-2 - 44)))
33
Calculate 62 - (5 + -33 + (0 - -17) - -2).
71
Calculate (36 - -27 - 29) + 3 + -55.
-18
What is the value of -9 + 0 + 9 - (-47 + 16 - 19)?
50
-97 + 26 + (-29 - (34 + -33))
-101
What is 8 + -50 + (4 - -2) + (-44 - -51) + -4?
-33
Calculate -18 + (8 - -48) + 30 + -15.
53
What is the value of -32 + 14 - (-19 - -8) - -12?
5
What is -66 - (17 + -4 + (-19 - -16 - -4))?
-80
Calculate -2 - (27 + -67 + 40).
-2
What is -14 + 31 + (-7 + 8 - 57) + 11?
-28
What is the value of (-41 - -1 - (-8 + 8)) + (12 - (-5 + 8))?
-31
Evaluate (-130 - -63) + (6 - 1).
-62
What is the value of -153 + -46 + 45 - -180?
26
Evaluate -1 + 1 - (0 + 0) - (28 - 55).
27
Evaluate (1 - 2) + 3 + 0 + -7 + 6 + -57.
-56
What is (4 - 7 - -13) + 49 + -49 - (32 + 114)?
-136
What is -7 + (3 - 1) + (-114 - (35 - 115))?
-39
What is the value of (-3 - 64) + -1064 + 1085?
-46
33 + (57 - 70) + -18 + 14
16
What is the value of -82 + 82 + (-3 - -24 - 0) - 36?
-15
Calculate -80 - (28 - ((35 - -1) + -9)).
-81
Calculate (9 - -1) + 0 + (15 + (13 - 75) - -118).
81
(16 - -1) + 4 + (176 - 185)
12
Calculate 14 + (0 - (11 - 3)) - (33 - 23 - 20).
16
What is -39 + 1 - (-55 + -150 + 123)?
44
(-13 - (-1 - -7) - (196 - 169)) + -23
-69
Evaluate (25 - (-237 - -228)) + (-12 - 0).
22
What is 19 - (0 - (-121 + 128 - (8 - -1))) - 5?
12
Evaluate -1 - 6 - (267 - 291).
17
What is the value of -1827 + 1930 + -180 + -1?
-78
Calculate -4 + (13 - -3) - (-1463 - -1435).
40
Evaluate -144 + 120 - ((1 - 3) + -88).
66
Calculate 20 - (20 - (16 - -57 - 19) - 3).
57
Calculate (-30 - (83 + 0)) + (6 - -3).
-104
(-25 - (1 - -1) - (-108 - -119)) + 3
-35
What is the value of -23 + (3 - -4 - -128 - (194 + -189))?
107
Evaluate 43 + -35 + 14 - (15 - -1).
6
What is the value of 1 - (19 - (-19 + 27) - 17)?
7
What is (23 - 1) + (-525 - -510) + 10?
17
What is (-1 - 8 - 7) + 2 + 9?
-5
85 + (-26 - 16) + 71 + -55
59
What is the value of 11 + (-20 - -10) - (2 + 1) - -10?
8
Calculate -7 + (49 + (7 + -5 - -13) - 4).
53
Calculate -41 + (22 - (7 + 1)) + -2 + (-2 - 6).
-37
-1 + -13 - ((-102 - 150) + 181)
57
What is -72 - (24 - (-16 + (28 - 15) + 16 + 1))?
-82
Calculate -1 + 12 - (-9 - -6 - (-3 + 2)) - 12.
1
What is -376 + 374 + (-14 - -46 - -10)?
40
-29 + (-1 - -8) - (-10 - 37)
25
What is (-22 + 13 - -1) + (4 - -3 - (13 + -3))?
-11
Evaluate (69 - (52 - 4)) + -31.
-10
25 + (24 - 43) + -4 - 49
-47
-9 + -5 + 8 + -9 + 9 + 2 + 99
95
Evaluate (-11 - -39 - 13) + -52.
-37
Evaluate 25 - (15 + (-19 - (-12 + -4))) - (-1 - 1).
15
Evaluate (-11 - (4 + 2 - (54 + -41))) + (-25 - -7).
-22
Calculate -6 - (14 + -14 + (-2 + -33 + -8 - -1)).
36
What is the value of (43 - -4) + (282 - 270)?
59
What is -1234 - -1265 - (-25 - 0 - 0)?
56
Evaluate (39 - 9) + (54 - 20 - 39 - (1 + -2)).
26
Calculate (657 - 576) + (6 - (-2 + (0 - 3))).
92
Evaluate -28 + -60 + 93 + (0 - 1) + -32.
-28
Evaluate 119 + -105 + -12 + 10.
12
2 - (-33 + (95 - 42) - (0 - 3))
-21
What is the value of -46 - (0 + -1) - (6 + 231 + -251)?
-31
Evaluate 3 + 1 + -1 + (36534 - 36510).
27
What is the value of -37 + (127 + (-247 - -122) - (6 - 2 - 0))?
-39
What is the value of 0 + -7 + (-44 - -57) + (13 - 11 - 12)?
-4
What is the value of 30 + 8 + 1 + -38 + -11 + 51?
41
Calculate -76 - -124 - 64 - -85.
69
Evaluate -168 + 145 + (34 - -2).
13
-2 + -2 + -7 + (-17 - (-33 - -3))
2
Evaluate 369 + -347 - (32 + 1) - 87.
-98
Calculate 13 + (138 - 102 - (-2 - -19)).
32
What is -2 + (-1 - -98) + (416 + -195 - 237)?
79
Evaluate -16 - 4 - (-23 + 12) - (-11 + 10).
-8
Evaluate -775 + 839 + (26 - 199).
-109
What is the value of 30 + -80 + 15 + 11?
-24
What is -30 - 23 - -37 - 17?
-33
Calculate (-20 - (24 + -21 - 8)) + 33.
18
What is -1 + 4 - 28 - (-58 - (-31 + -29))?
-27
Evaluate 3 + 1 + (7 - 7) + -19 + 16 + 134.
135
Evaluate -5 - 2 